 7*a**2 + 7 + a. What is z(7)?
7
Let h(b) be the third derivative of b**9/60480 - b**8/20160 - b**6/240 - b**5/20 - b**2. Let u(k) be the third derivative of h(k). Calculate u(0).
-3
Let p(k) = -3*k - 3. Let m(v) = 1. Let d(y) = -16*y - 4. Suppose g = 4*g + 3. Let a(n) = g*d(n) + 10*m(n). Let i(t) = 2*a(t) + 11*p(t). Calculate i(0).
-5
Let n(v) be the third derivative of -v**5/30 + 7*v**4/24 + v**3/3 - 25*v**2. What is n(5)?
-13
Let q(p) = p**3 + 5*p**2 + 5*p + 1. Let a be (-6)/((-5)/((-15)/(-2))). Let x be (a - 6)*4/(-3). Calculate q(x).
-3
Let w(l) = -1. Let p(m) = m + 3. Let o(x) = p(x) + 6*w(x). What is o(2)?
-1
Let g(k) be the first derivative of k**3/3 + 3*k**2/2 + k - 3. Let f(h) = 4*h**2 + 8*h + 3. Let z(r) = 2*f(r) - 7*g(r). Give z(4).
-5
Let x = -42 + 38. Let z(l) = 2*l + 6. Give z(x).
-2
Let p(z) = 7*z**3 + z + 1. Let v be ((-78)/(-24))/((-1)/(-4)). Let k = v + -9. Suppose 0 = k*g + 6 - 2. Determine p(g).
-7
Let c(k) = -1 + 4 - 2*k**2 + 3*k**2 - 5. Determine c(3).
7
Suppose -6 = -11*t + 10*t. Let h(r) = 8 - 8*r + t*r + r. Calculate h(6).
2
Let a(l) = 2 - 1 - 4*l + 6*l. Suppose 0 = -2*w - 2*w - 12. Give a(w).
-5
Let l(d) = -d - 1. Let s(g) = g + 7. Let u(a) = 6*l(a) + s(a). What is u(2)?
-9
Let v be (8/(-36))/((-1)/9). Let n(a) = -2*a - 2. Calculate n(v).
-6
Let l(z) = -9*z**3 + 3*z**2 - 2*z + 4. Let q(h) = 4*h**3 - 2*h**2 + h - 2. Let f(b) = -3*l(b) - 7*q(b). Give f(5).
-3
Let b(p) = -p**3 - 7*p**2 + 8*p. Let k(d) = 2*d**2 + 9*d + 2. Let i be k(-2). Determine b(i).
0
Let y = 12 + -7. Let f(o) = o**3 - o**2 - o - 1. Let x(k) = -5*k**3 + 10*k**2 - 2*k + 11. Let q(v) = -4*f(v) - x(v). What is q(y)?
-2
Let x(r) be the first derivative of -r**3/3 + 4*r**2 - 2*r - 5. Let b be x(7). Let h(p) = p + 1. Calculate h(b).
6
Suppose 2*g - 19 = -3*u, u + 5 = -3*g + 8*g. Let f(n) = 9*n. Let k(i) = i. Let p(v) = v. Let w(d) = -4*k(d) + 3*p(d). Let r(c) = f(c) + 12*w(c). Give r(g).
-6
Let f(w) be the third derivative of -w**4/24 - 2*w**3/3 + 2*w**2. Let p(x) = x + 5. Let r(i) = -3*f(i) - 2*p(i). What is r(-4)?
-2
Let v(q) = 1 - 3 - q - 3. Let i be 1/(2*(-4)/(-40)). What is v(i)?
-10
Suppose -13 = -2*m + 7. Let n = 10 - m. Let p(z) = z**2 + z. Give p(n).
0
Let f = -13 + 19. Let k = f - 4. Let y(u) = -2*u**2 + 2*u + 2. Determine y(k).
-2
Let c(g) be the second derivative of g**3/2 + 7*g**2/2 + 8*g. What is c(-7)?
-14
Let f(a) = a**3 - a**2 + a - 5. Suppose 5*h - 5 = -2*c, -6*c + 5*h - 5 = -c. What is f(c)?
-5
Let r(u) = 2*u**2 - 2*u - 4. Suppose -5*w = -h - 17 + 6, -5*w + 2*h + 7 = 0. Determine r(w).
8
Let s(p) = -9*p**3 - 23*p**2 + p - 18. Let u(v) = 5*v**3 + 12*v**2 - v + 9. Let d(l) = 6*s(l) + 11*u(l). Determine d(7).
5
Let t(b) = b**3 - 4*b - 2*b**2 + 4*b**2 + 2*b**2 + 1. Suppose -9*o + 11*o - 12 = 0. Suppose 4*j - 10 = o*j. What is t(j)?
-4
Let n(c) = c - 2. Let f be 1/((-2 - -1) + 2). Let r be f/1*(9 - 4). What is n(r)?
3
Let g(t) = t**3 + 6*t**2 + 6*t + 7. Let s(q) = -q - 12. Let r be s(-15). Suppose 0 = 3*w + 12 + r. Determine g(w).
2
Let l(b) be the third derivative of b**6/120 - b**5/20 + b**3/6 + 14*b**2. Suppose c + 7 + 9 = 5*w, 3*w - 8 = c. Give l(w).
17
Let c(s) = -6*s**3 - 2*s**2 + 1. Let z be c(-1). Let g(k) = 5*k + 5*k - 6*k - k**2 - 12 + 15. Give g(z).
-2
Suppose -15 = -5*u, -6*g + g + 5*u = 40. Let f(j) = -2*j - 7. Calculate f(g).
3
Let t(g) be the second derivative of g**3/3 + g**2/2 + 5*g - 12. Let o = 0 + 2. Calculate t(o).
5
Let j(a) = 7*a**3 + 2*a**2 + 3*a - 2. Let k(r) = 8*r**3 + 3*r**2 + 4*r - 2. Let n(c) = 5*j(c) - 4*k(c). What is n(2)?
12
Let o(d) be the second derivative of 2*d - 1/6*d**4 + 1/120*d**5 + 0*d**2 + 1/720*d**6 + 0 + 0*d**3. Let v(r) be the third derivative of o(r). What is v(3)?
4
Let p be ((-2)/(-3))/(2/15). Let g(n) = 0 - 2*n + p + 0*n. Suppose -j + 18 = 4*a, -131*a + 15 = 4*j - 134*a. Calculate g(j).
-7
Let q(p) = -p + 4. Let z = -125 - -125. Determine q(z).
4
Let o(q) = -1 - 6*q + 0*q + q - 2*q**2. What is o(-4)?
-13
Let j be 4*-5*(-4)/20. Let h(d) = d**2 - 3*d - 1. Determine h(j).
3
Let o be (-1)/2*(-3 + -1). Let k = -6 + 12. Let l(j) = 6 - 3*j - k. What is l(o)?
-6
Let f(p) = p + 2. Let l(j) = -j**3 + j**2 - 2*j - 1. Suppose -4*k = -b - 3 - 10, -4*b - 1 = k. Let q be l(b). Give f(q).
5
Let c be (-2)/((-3 - -5)*-1). Let r(q) = 5*q**2 + q. Calculate r(c).
6
Let l(a) = -3 - 2*a + 0 + 4 + a. Let b = 6 - 6. Determine l(b).
1
Let v(a) = 3*a**3 - a**2 + 2*a - 5. Let x(y) = 10*y**3 - 4*y**2 + 7*y - 14. Let n(j) = -7*v(j) + 2*x(j). Let l = -3 - -3. Determine n(l).
7
Suppose 0 = -c + 3, -c + 19 = 3*z + z. Let b(f) = f**2 - 5*f + 3. Determine b(z).
-1
Let p(u) = -u**3 + 3*u**2 + 2*u - 1. Let j = 0 - -3. Let b = j + -3. Let q be 2 - (b + -2 + 1). Calculate p(q).
5
Let i(y) = 8 - 3*y**2 + 2*y**2 + 2*y - 6*y - 3*y. Determine i(-7).
8
Suppose 2*a + 3 = 11. Let v(n) = 2*n - 4 + n + 1. Determine v(a).
9
Let s(q) = -q**2 + 8. Let i = 4 - -1. Suppose 3*v - 2*v = -5*w - 1, 3*w + i*v + 5 = 0. Calculate s(w).
8
Let w(c) be the third derivative of c**4/24 + c**3/6 - c**2. Let s = -24 - -28. Calculate w(s).
5
Let g(m) = m + 5. Let l(q) = 2*q. Let d be l(3). Give g(d).
11
Suppose 3*t - 9 = 6*t. Let p(a) = 4*a + 3. What is p(t)?
-9
Suppose -24*o = -22*o. Let p(v) be the second derivative of 2/3*v**3 - v + o + 3/2*v**2. Determine p(-2).
-5
Let l(z) be the first derivative of z**3/6 - z**2 + z + 1. Let h(y) be the first derivative of l(y). What is h(4)?
2
Let l(c) = -c**3 + 8*c**2 - 7*c + 2. Let m = 1 - -23. Let b = m - 17. Give l(b).
2
Suppose -z + 8 = -10. Suppose 2*y - 14 = -5*d, -4*y + 0*d + z = 5*d. Let v(h) be the second derivative of -h**5/20 + h**4/6 - 2*h - 10. Give v(y).
0
Let n(d) = 2*d**3 + 3*d**2 + d. Suppose -2*r - r - 6 = 0. What is n(r)?
-6
Let u = 29 - 32. Let d(o) = o**2 - o - 4. Give d(u).
8
Let o(q) = -124*q + 2*q**2 + 127*q - 2 - 3*q**2. What is o(3)?
-2
Let f(d) = 4*d - 3*d + 4 + 5*d + d**2. Let g be 9/(-3)*(-56)/(-24). Calculate f(g).
11
Let d(k) = -k**3 + 3*k**2 - 2*k - 2. Let v = -37 - -27. Let o = v - -13. Determine d(o).
-8
Let r(u) = -5*u**2 - u - 3. Let f(i) = 6*i**2 + i + 3. Let g(y) = 2 - 4*y + 0 - 4*y**2 + 5*y**2 + 3. Let w be g(4). Let h(l) = w*r(l) + 4*f(l). Determine h(0).
-3
Let r(q) = q**3 + q - 7. Let p = -8 + 12. Suppose -5*i - 3*y = 34 - 5, -p*y = 12. Let c = i + 4. Determine r(c).
-7
Let u(y) = y**2 + 8*y + 5. Let v be u(-8). Let h = v - 4. Let b(n) be the third derivative of n**6/40 - n**4/24 + n**3/6 + 2*n**2. Give b(h).
3
Let w(v) = 0 - 1122*v**2 + 6 + 8*v + 1123*v**2 + 0. Suppose m = -4*l + 6, 5*l + 7 = 4*m + 46. Give w(m).
-6
Let y be (-4)/(-14) + 19/7. Let i(r) = 2*r - y*r - 2*r. Let o be 4 + ((3 + -4)/(-1) - 4). Determine i(o).
-3
Let p = 22 - 18. Let f(i) = -i**2 + 4*i. Calculate f(p).
0
Let y(n) = -2*n**2 - n + n**2 + 5*n**2 - 1 + n**3. Suppose -2*g = 2*g + 36. Let l = g - -5. What is y(l)?
3
Let v = 26 + -16. Suppose 0 = 8*z - v*z + 8. Let x(d) = 4*d**2 - 7*d + 1. Let j(i) = 7*i**2 - 13*i + 1. Let a(r) = 3*j(r) - 5*x(r). Give a(z).
-2
Suppose 0*y + 3*y + 12 = -4*n, -4*y = 5*n + 15. Let l(s) = s**3 + 0*s**2 + y*s**2 - 5*s**2 - 5 + 4 + 3*s. Give l(3).
-10
Let k(l) = -12*l - 58 + 58. Calculate k(1).
-12
Suppose -5*o + 32 = s, -2*o - 1 = 2*s + 3*s. Let h(m) = -m**2 - 3*m - o + 6*m + 1 + m. Calculate h(5).
-11
Let f(a) = a**3 - 5*a**2 - 3. Suppose 4*c - g + 0*g - 9 = 0, -3*c - 3*g = 12. Let t be ((-21)/9*-3)/c. Suppose l + 2 = t. Determine f(l).
-3
Let k = -33 + 28. Let y(a) = a - 6. Determine y(k).
-11
Suppose 0 = -j - 4*j. Let w(d) be the third derivative of -d**8/20160 - d**6/360 + d**5/60 - 2*d**2. Let n(f) be the third derivative of w(f). Calculate n(j).
-2
Let c = 6 + -6. Let t = c + 2. Let w(s) = -4*s**2 - 1 - t + s**3 + 3*s**3 - 3*s - 5*s**3. What is w(-2)?
-5
Let a(n) = 2*n + 8. Suppose 3*s - 36 = 9*s. Determine a(s).
-4
Let f(s) = -s - 5*s + 6 - 5*s**3 + 6*s**2 + 4*s**3 + 4*s. What is f(6)?
-6
Let c(k) = -k**2 - 5*k + 4. Let w(a) = -a**3 + 5*a**2 + 5*a + 6. Let g be w(6). Suppose u - n = -5*n - 21, 2*u + 3*n + 22 = g. Give c(u).
4
Let r be (-8 - -8)/(1 + 1). Let v(q) be the second derivative of 3*q + r - 3/2*q**2 - 5/6*q**3. Calculate v(-2).
7
Let f be (-6)/15 - (-22)/5. Suppose 0*j = -j + f. Let l(v) = -j*v - v + 6*v - 8. Give l(6).
-2
Let l(r) be the first derivative of 